9989 a prime number?
True
Is 59944707689 prime?
True
Is 30905865002 a prime number?
False
Is 1153188307 prime?
True
Is 3472208807 a prime number?
False
Is 8340804943 a composite number?
True
Is 19595442323 a composite number?
True
Is 322645427119 a composite number?
False
Is 1269465991 a prime number?
False
Is 20440563593 composite?
False
Is 3458226517 composite?
True
Is 34048982393 a prime number?
False
Is 59916646667 a prime number?
False
Is 10570157981 a prime number?
True
Is 25072837565 a composite number?
True
Is 81906817 composite?
True
Is 27798822067 a composite number?
False
Is 40836639737 a prime number?
True
Is 2155330613 a composite number?
True
Is 3664963793 a prime number?
False
Is 59743137073 composite?
False
Is 686310983 composite?
False
Is 3534806207 a prime number?
True
Is 2894058463 composite?
True
Is 308392769 composite?
False
Is 10834124129 prime?
False
Is 2066766613 prime?
False
Is 12840141079 composite?
False
Is 3119278111 composite?
False
Is 17410750649 a prime number?
False
Is 18480221281 a prime number?
True
Is 5660237105 a composite number?
True
Is 166243661 composite?
False
Is 18125135907 composite?
True
Is 29752286981 a composite number?
True
Is 13120537919 prime?
True
Is 1127689513 a prime number?
False
Is 1063109981 a prime number?
True
Is 994186217 composite?
False
Is 2372507477 a prime number?
False
Is 3510886565 a prime number?
False
Is 196481497 prime?
True
Is 1477529197 a prime number?
True
Is 2624893703 composite?
False
Is 23640451 a prime number?
True
Is 1642424711 a prime number?
True
Is 13475647369 prime?
True
Is 4944812129 a composite number?
False
Is 3571726273 a composite number?
False
Is 22951302553 composite?
True
Is 1870640755 a composite number?
True
Is 9869807 prime?
False
Is 44366191707 a prime number?
False
Is 47411523739 composite?
True
Is 2952773 a composite number?
True
Is 202276573 a prime number?
True
Is 47297932585 composite?
True
Is 3652653743 a prime number?
False
Is 5955337309 prime?
True
Is 2718677659 a prime number?
True
Is 1809050419 a composite number?
True
Is 42138143419 a composite number?
True
Is 575852699 a composite number?
True
Is 16983762271 a composite number?
True
Is 3292182767 prime?
False
Is 30584456171 composite?
False
Is 80854463 a prime number?
False
Is 2240785343 prime?
True
Is 17716463591 prime?
False
Is 184884397 prime?
True
Is 26374433713 a composite number?
False
Is 545885323 composite?
False
Is 406276015 a prime number?
False
Is 24465745669 a composite number?
True
Is 226764467 a composite number?
False
Is 500968747 a prime number?
True
Is 2065909663 a composite number?
True
Is 1106845633 a prime number?
False
Is 50708718227 a prime number?
False
Is 11260070713 a prime number?
False
Is 15207133 prime?
False
Is 4608169673 a composite number?
False
Is 506016331 a prime number?
False
Is 5942597509 a composite number?
False
Is 4376762953 prime?
True
Is 1707557851 prime?
False
Is 407709237557 prime?
False
Is 849385429 composite?
True
Is 3779861893 a composite number?
False
Is 1409766971 prime?
True
Is 8478671639 a prime number?
True
Is 66196769 a prime number?
True
Is 3125019749 a composite number?
False
Is 172192967 prime?
True
Is 573809231 prime?
True
Is 2423507609 prime?
True
Is 3415463011 a composite number?
True
Is 3242537471 prime?
True
Is 8759624917 prime?
True
Is 148393128721 a composite number?
False
Is 477173231837 a composite number?
True
Is 23449473643 a prime number?
False
Is 855876977 a composite number?
True
Is 32745833897 prime?
False
Is 4579077887 composite?
False
Is 3609309947 a composite number?
False
Is 2123386621 composite?
False
Is 175871025607 composite?
False
Is 725700799 composite?
False
Is 9827782759 a composite number?
True
Is 5518344017 a prime number?
False
Is 197450317 a prime number?
True
Is 181606981961 a composite number?
False
Is 560086129 a composite number?
True
Is 2224427677 a composite number?
False
Is 5884261 composite?
True
Is 229724869 prime?
False
Is 3736111969 prime?
False
Is 459101309 composite?
False
Is 6223407371 composite?
False
Is 29355947671 a prime number?
True
Is 4521966763 prime?
False
Is 730260809 prime?
False
Is 95599533 prime?
False
Is 14153531159 composite?
False
Is 10641662389 a composite number?
True
Is 103395978643 prime?
True
Is 22328616385 a prime number?
False
Is 12016054961 composite?
False
Is 46183454801 a composite number?
True
Is 185976053 a prime number?
True
Is 71750635493 prime?
False
Is 8318105347 a composite number?
False
Is 2306212159 prime?
False
Is 1733157967 a composite number?
False
Is 617069951 prime?
True
Is 1057533014867 composite?
True
Is 1946208497 prime?
True
Is 179169901349 composite?
False
Is 14775445427 a prime number?
False
Is 1518583999 a composite number?
False
Is 43739487401 prime?
True
Is 9814815203 a prime number?
True
Is 677943797 a composite number?
True
Is 40978624697 a composite number?
False
Is 39598505477 a composite number?
False
Is 16363612351 a composite number?
False
Is 1159430509 a composite number?
False
Is 7656456757 prime?
True
Is 2821313773 prime?
False
Is 3521480003 prime?
False
Is 8655629783 a prime number?
False
Is 3560682689 prime?
True
Is 4189405757 composite?
False
Is 328372609 a prime number?
True
Is 40128084287 prime?
False
Is 6474524261 composite?
False
Is 65003631071 a prime number?
False
Is 39052259407 a prime number?
False
Is 325165013 a composite number?
False
Is 45140573 prime?
True
Is 3792897193 a composite number?
True
Is 14238928553 a prime number?
True
Is 50523736831 a composite number?
False
Is 9734437277 a composite number?
False
Is 13341417289 prime?
True
Is 114485779 prime?
False
Is 872412991 a composite number?
True
Is 174124679 a prime number?
False
Is 14022880037 prime?
False
Is 27070556939 prime?
False
Is 247447081763 a composite number?
True
Is 20317647247 prime?
True
Is 1654058959 prime?
False
Is 28255358281 composite?
False
Is 7173377 a prime number?
True
Is 5456263843 composite?
True
Is 1662111967 a composite number?
False
Is 5330987677 composite?
True
Is 35655063239 a prime number?
False
Is 35428238093 a prime number?
True
Is 362791997 a prime number?
True
Is 382148041 prime?
False
Is 15301717033 composite?
True
Is 344441387 prime?
False
Is 52546982777 prime?
False
Is 415356761 prime?
False
Is 1532767673 composite?
False
Is 36728828511 prime?
False
Is 1862146259 prime?
False
Is 348368435 a composite number?
True
Is 302933231 composite?
True
Is 35455567841 a composite number?
False
Is 320166851 composite?
False
Is 61519608097 a composite number?
True
Is 4031724167 a composite number?
True
Is 719043937 prime?
False
Is 654568769 a composite number?
True
Is 13228588661 a prime number?
False
Is 14468133689 a composite number?
False
Is 256938601 composite?
False
Is 3557640689 a composite number?
False
Is 609591127 a composite number?
True
Is 451816373 a composite number?
True
Is 1427810507 composite?
False
Is 78527649349 prime?
False
Is 835881407 a prime number?
True
Is 165497554841 prime?
False
Is 79085053 a prime number?
True
Is 5387375459 a prime number?
False
Is 939028933 a composite number?
True
Is 28272755411 a composite number?
False
Is 952857079 composite?
False
Is 770026333 composite?
True
Is 694893127 a prime number?
False
Is 2895162877 a composite number?
True
Is 92320240403 composite?
True
Is 84579636857 a prime number?
False
Is 143712871 a prime number?
True
Is 6163033421 prime?
False
Is 51018190621 a prime number?
False
Is 34817704891 a prime number?
False
Is 44165369387 a composite number?
False
Is 25572577 a composite number?
True
Is 933884747 composite?
False
Is 16148673241 a prime number?
False
Is 39182738993 prime?
True
Is 272155011 composite?
True
Is 707190958 prime?
False
Is 5799885283 a prime number?
False
Is 10863710381 composite?
False
Is 294482939021 a prime number?
True
Is 64163296823 a composite number?
True
Is 25329661913 a composite number?
False
Is 659336437 a composite number?
True
Is 325897867 prime?
True
Is 23495193233 prime?
False
Is 24075704621 prime?
True
Is 6258685739 prime?
True
Is 1019706371 a composite number?
True
Is 1438246049 a prime number?
True
Is 295170789 a prime number?
False
Is 176769308663 a prime number?
False
Is 1552122947 a prime number?
False
Is 34750593263 a prime number?
False
Is